{"id":14,"date":"2015-01-13T01:36:06","date_gmt":"2015-01-13T00:36:06","guid":{"rendered":"http:\/\/domstolarnaskonstochkultur.se\/?page_id=14"},"modified":"2026-05-05T13:17:57","modified_gmt":"2026-05-05T12:17:57","slug":"kontakta-oss","status":"publish","type":"page","link":"https:\/\/domstolarnaskonstochkultur.se\/?page_id=14","title":{"rendered":"Kontakta oss"},"content":{"rendered":"<p>Kontakta n\u00e5gon av styrelsens medlemmar genom de kontaktuppgifter som \u00e5terfinns i v\u00e5ra utskick alternativt p\u00e5 den arbetsplats som anges under fliken &#8221;Styrelsen&#8221;.<\/p>\n","protected":false},"excerpt":{"rendered":"<p>Kontakta n\u00e5gon av styrelsens medlemmar genom de kontaktuppgifter som \u00e5terfinns i v\u00e5ra utskick alternativt p\u00e5 den arbetsplats som anges under fliken &#8221;Styrelsen&#8221;.<\/p>\n","protected":false},"author":1,"featured_media":0,"parent":0,"menu_order":4,"comment_status":"closed","ping_status":"closed","template":"","meta":[],"_links":{"self":[{"href":"https:\/\/domstolarnaskonstochkultur.se\/index.php?rest_route=\/wp\/v2\/pages\/14"}],"collection":[{"href":"https:\/\/domstolarnaskonstochkultur.se\/index.php?rest_route=\/wp\/v2\/pages"}],"about":[{"href":"https:\/\/domstolarnaskonstochkultur.se\/index.php?rest_route=\/wp\/v2\/types\/page"}],"author":[{"embeddable":true,"href":"https:\/\/domstolarnaskonstochkultur.se\/index.php?rest_route=\/wp\/v2\/users\/1"}],"replies":[{"embeddable":true,"href":"https:\/\/domstolarnaskonstochkultur.se\/index.php?rest_route=%2Fwp%2Fv2%2Fcomments&post=14"}],"version-history":[{"count":5,"href":"https:\/\/domstolarnaskonstochkultur.se\/index.php?rest_route=\/wp\/v2\/pages\/14\/revisions"}],"predecessor-version":[{"id":711,"href":"https:\/\/domstolarnaskonstochkultur.se\/index.php?rest_route=\/wp\/v2\/pages\/14\/revisions\/711"}],"wp:attachment":[{"href":"https:\/\/domstolarnaskonstochkultur.se\/index.php?rest_route=%2Fwp%2Fv2%2Fmedia&parent=14"}],"curies":[{"name":"wp","href":"https:\/\/api.w.org\/{rel}","templated":true}]}}